 of l?
19
Let a(w) = 2*w + 1. Let y be a(2). Suppose -r = -y*r - 4. List the prime factors of (-1 + -13)/(-2) - r.
2
Let s(k) = 100*k + 34. List the prime factors of s(2).
2, 3, 13
Suppose 3*k + 34 = 4*y - 0*y, 46 = 4*y + 3*k. Let i(r) = r**2 - 10*r - 3. Let z be i(y). List the prime factors of (28/(-3) - -2)*z.
2, 11
Suppose 4*b - 84 = -0*b. What are the prime factors of b?
3, 7
Let m be (1 + 0 + -6)*-1. Suppose 0*y = -m*y. Suppose 11 = 4*w + p - 2*p, y = p - 1. What are the prime factors of w?
3
List the prime factors of ((-198)/9)/(6/(-21)).
7, 11
Let s(f) = 21*f**2 + 6*f + 7. What are the prime factors of s(-3)?
2, 89
Let k(v) = v + 15. What are the prime factors of k(6)?
3, 7
Let k be 104/40 - 2/(-5). Suppose -k*c + 131 = -1. What are the prime factors of c?
2, 11
Let y(u) = 7*u**2 + 5*u + 4. Let w(c) = c**2. Let t(i) = 6*w(i) - y(i). Let b be t(-3). List the prime factors of b/11 - 141/(-11).
13
Let a = 4 + 0. Suppose a*v = v + 9. Suppose 2*i = -6, 2*z + 4*i + v = 9. List the prime factors of z.
3
Let k = -24 + 26. Suppose -k*l + 80 - 2 = 0. What are the prime factors of l?
3, 13
Suppose 230 - 877 = -4*n + 3*o, 5*n - 4*o = 810. List the prime factors of n.
2, 79
Let a(c) = 3*c**2 + 3*c - 7. Let i = 0 - 4. What are the prime factors of a(i)?
29
Suppose -5*w - o = -12, 1 - 3 = -o. List the prime factors of w.
2
List the prime factors of 1 + (-2 + 1)/(3/(-411)).
2, 3, 23
List the prime factors of 35900/140 - 4/(-7).
257
Suppose -4*s - 27 = 25. Let v = s - -8. Let q(c) = -c**3 - 6*c**2 - 7*c - 2. List the prime factors of q(v).
2
Suppose 0*o = o + 4*m - 48, -2*m - 60 = -o. What are the prime factors of o?
2, 7
Let v(u) = 2*u**2 + 0 - 3 - 1 + 5. What are the prime factors of v(1)?
3
Suppose 0 = -4*q - q + 15. What are the prime factors of 1 + q + (-6)/(-3)?
2, 3
Let n = 0 - -9. Suppose 5*y = n*y - 20. Suppose 3 + y = 4*s. What are the prime factors of s?
2
List the prime factors of (189/15)/(4/20).
3, 7
Let w(k) be the third derivative of k**6/60 - k**5/20 + k**4/12 - k**3/6 - k**2. Let c(t) = -2*t - 4. Let r be c(-3). What are the prime factors of w(r)?
7
Suppose 24 = 4*g + 4*i, -i + 4 = 2*g - 7. Let l be 120/g - (1 + -1). Suppose 4*p - l = 5*a - a, -3*p + 4*a = -16. What are the prime factors of p?
2
Let b be 98/(-8) - 2/(-8). Let h = b - -21. List the prime factors of h.
3
Let w(h) be the second derivative of -14*h**5/5 - h**4/12 + h**2/2 - 7*h. List the prime factors of w(-1).
2, 7
Let s(q) = -q - 4. Let o be s(-9). Suppose 17 = o*u + 52. List the prime factors of (21/u)/((-2)/6).
3
Let l be 6/(-27) + (-1840)/(-18). Let v = l - 70. Suppose 3*x - 7*x = -v. What are the prime factors of x?
2
What are the prime factors of ((-6)/8)/((-8)/(-32)) + 18?
3, 5
Let k = -1 + 1. Let y = k - -9. What are the prime factors of y?
3
Let j(b) = b + 3. Let d be j(-9). What are the prime factors of (10/(-4))/(3/d)?
5
Suppose -17 = -3*x - 4*y + 36, 2*y + 100 = 4*x. What are the prime factors of x?
23
Let q be 1*(0 + -2) - -24. Let y = q - 12. What are the prime factors of y?
2, 5
Suppose 5*k - 705 = -4*y, k + 2*y = 157 - 22. List the prime factors of k.
5, 29
Suppose f = 5*f - 4. Let g be f/(2/(-6)) - 4. Let d = 9 + g. List the prime factors of d.
2
Let h = -38 - -178. What are the prime factors of h?
2, 5, 7
What are the prime factors of (-238)/(-4) - (25/10 + -3)?
2, 3, 5
Let c be 0 - (-1)/(1/(-3)). Let n(j) = j**2 + 2*j + 2. What are the prime factors of n(c)?
5
Suppose 3*y - 5*b - 19 = 0, -y - b + 2*b = -5. Suppose 0*v - y*v = 4*d - 28, -4*v + 50 = -d. Let c = -7 + v. What are the prime factors of c?
5
Suppose -10 = 3*q - 3*f + 2*f, 0 = 3*q - 5*f - 10. Let z = 10 + q. Suppose 52 = z*a - 33. List the prime factors of a.
17
List the prime factors of (-2 - (-16)/10)/(10/(-350)).
2, 7
Suppose g + 5*f - 19 = 3*g, g - 3*f + 11 = 0. Let o(h) = -h**3 + 12*h**2 - 12*h + 13. Let c be o(11). What are the prime factors of g/(11/6 - c)?
2, 3
Let h(t) = -t**3 - 14*t**2 - 3*t + 14. What are the prime factors of h(-14)?
2, 7
Suppose -3*v + 23 = -121. What are the prime factors of v?
2, 3
Let b(f) = -f**3 - f**2 - 3*f - 1. Let m be b(-3). Let g = 16 - m. Let d = -2 - g. What are the prime factors of d?
2
Let z = -10 - -10. Let k = z - 3. List the prime factors of k*(-3 + (-1)/3).
2, 5
Suppose 2*m + 4 = -0*m. What are the prime factors of 4/6*9 - m?
2
Suppose 18*c + 30 = 28*c. Let y = 14 - 27. What are the prime factors of (y/c)/((-4)/12)?
13
Let f(t) = 3*t**2 + 3*t + 2. Suppose -4*u = -3*u + 15. Let w be 5*((-36)/u + -3). List the prime factors of f(w).
2, 5
Let u be 2/10 + (-4886)/(-70). Let r = u - 40. What are the prime factors of r?
2, 3, 5
Suppose -29 = 3*j + d, 5*j - d + 3*d + 48 = 0. Suppose -v + 3*a = 10, 7*a - 5 = 3*v + 3*a. List the prime factors of 3 + v/(j/(-6)).
2, 3
Let j be -3 + 179 + -3 + -1. List the prime factors of ((-16)/(-32))/(2/j).
43
Let z = -57 + 147. List the prime factors of z.
2, 3, 5
Let h(x) = -3*x**3 - 2*x - 1. Let g be h(-1). Let q(i) = i**3 - 2*i**2 - 4*i - 4. What are the prime factors of q(g)?
2, 3
Let u(c) = 3*c**2 - 4*c + 41. What are the prime factors of u(8)?
3, 67
Let s(p) be the second derivative of p**4/4 + p**3/6 + p**2/2 + p. What are the prime factors of s(-1)?
3
Let b(a) = -a**3 + 10*a**2 + 8*a - 23. What are the prime factors of b(10)?
3, 19
Suppose 44 = -5*l + 284. List the prime factors of l.
2, 3
Let o = 3 - 3. Suppose -m = -o*m - 21. Suppose -w - 2*w = -m. List the prime factors of w.
7
Let n(b) = 3*b - 4. Let g be n(3). Suppose g*v - 94 = -14. What are the prime factors of v?
2
Suppose 4*u = 4*d + 61 + 11, 2*d + 4 = 0. Suppose 4*a = x + u - 1, x - 2*a = -13. Let n = x - -22. What are the prime factors of n?
11
Let y be ((-3)/9)/((-2)/78). Let j = 9 + y. Suppose -j = 3*r - 5*r. List the prime factors of r.
11
Let g be 2/(-7) + (-44)/(-7). Let k = 69 - 49. List the prime factors of (2 - 9/g)*k.
2, 5
Let d(r) = 24*r**2 - 2. List the prime factors of d(-2).
2, 47
Let c(g) = g**3 + 4*g**2 + 3*g + 2. Let a be c(-2). Suppose 0 = -0*v - a*v + 36. List the prime factors of v.
3
Let x(w) = -7*w + 4*w**2 + 7*w. What are the prime factors of x(2)?
2
Let i = -1 - -1. Suppose -5*j = -i*j - 10. List the prime factors of j.
2
Suppose 71 = 5*o + 21. What are the prime factors of o?
2, 5
Suppose 2*z = 10 - 0. Suppose 0 = z*h + 25, -4*l + 5*h + 243 = 34. What are the prime factors of (4 - l)*(-2)/6?
2, 7
Let l(g) = -g**3 - g**2 - 2*g - 3. What are the prime factors of l(-3)?
3, 7
Suppose 0*y - 268 = -4*b - 3*y, 201 = 3*b + 3*y. List the prime factors of b.
67
Suppose 139 - 39 = 5*x. Let l = x + -5. What are the prime factors of l?
3, 5
Let g(z) = -z**3 - 5*z**2 - 6*z - 3. Let m be g(-4). Suppose m*f - 4*f = 17. What are the prime factors of f?
17
Let n(o) = o + 11. Let f(g) = -g**2 + 4*g + 2. Let d be f(4). Let z(v) = -v - 1. Let l(i) = d*z(i) + n(i). What are the prime factors of l(6)?
3
List the prime factors of 1/(3 + (-368)/124).
31
Suppose 2*r = 5*r + 9. Let v be (-2 - r)*(-1 + 0). List the prime factors of -2*-2*v/(-2).
2
Suppose -4*p = -2*p + 22. Let g(n) = -2*n + 1. What are the prime factors of g(p)?
23
Suppose -12*q + 5 = -19. List the prime factors of q.
2
Let p be (-10)/(0 + 2) - -1. Let l = -2 - -14. Let u = p + l. What are the prime factors of u?
2
Let r(t) = -t**2 + 6*t + 11. Let m be r(7). Let v = m - -31. List the prime factors of v.
5, 7
Let b(n) be the second derivative of -n**3/6 + 9*n**2/2 + 2*n. Let o be b(6). Let q = 9 - o. What are the prime factors of q?
2, 3
Let o = 13 - 21. Let j(f) = f**3 + 8*f**2 - 2*f - 12. Let l be j(o). Suppose l*y - 36 = 4. List the prime factors of y.
2, 5
Suppose i - 6 = 2*s, i + 0*i + 2*s = -6. Suppose -113 = -4*k + f, i = -k - 2*k - f + 83. List the prime factors of (k/6)/((-2)/(-3)).
7
Suppose 0 - 15 = -5*j - 4*n, -4*n = -2*j + 6. List the prime factors of j/(-9) + 22/3.
7
Suppose -13*l + 5*l = -680. What are the prime factors of l?
5, 17
Let w be 54/10 - (-33)/55. Suppose g - 69 = w*s - s, -s + 192 = 4*g. List the prime factors of g.
7
Let o(m) = m**2 - 10*m - 7. Let b(n) = -n**2 + 8*n - 1. Let w be b(6). List the prime factors of o(w).
2
Let j(u) = 4*u - 2. Let g be 5 - -1 - (0 - -1). List the prime factors of j(g).
2, 3
Let q(k) = -k**3 + 6*k**2 - 9*k + 2. Let c(t) = t. Let m(